 the prime factors of 447048?
2, 3, 7, 887
List the prime factors of 3569897.
3569897
List the prime factors of 1433188.
2, 358297
List the prime factors of 169595.
5, 107, 317
List the prime factors of 2794360.
2, 5, 69859
List the prime factors of 1415671.
19, 74509
List the prime factors of 2641372.
2, 227, 2909
List the prime factors of 2068078.
2, 37, 27947
List the prime factors of 82537.
7, 13, 907
What are the prime factors of 3095673?
3, 7, 21059
What are the prime factors of 5172825?
3, 5, 7, 59, 167
List the prime factors of 428490.
2, 3, 5, 23
What are the prime factors of 1460012?
2, 365003
What are the prime factors of 1441308?
2, 3, 11, 61, 179
List the prime factors of 149384.
2, 71, 263
What are the prime factors of 168228?
2, 3, 4673
List the prime factors of 4384113.
3, 17, 31, 47, 59
List the prime factors of 877680.
2, 3, 5, 23, 53
What are the prime factors of 219271?
13, 101, 167
What are the prime factors of 2120098?
2, 107, 9907
List the prime factors of 2233227.
3, 744409
List the prime factors of 12624973.
1789, 7057
What are the prime factors of 416149?
416149
List the prime factors of 567307.
13, 17, 151
List the prime factors of 427840.
2, 5, 7, 191
What are the prime factors of 4673272?
2, 59, 9901
What are the prime factors of 2396478?
2, 3, 7, 57059
What are the prime factors of 1472964?
2, 3, 131, 937
List the prime factors of 673455.
3, 5, 17, 19, 139
What are the prime factors of 1477061?
1477061
What are the prime factors of 1006593?
3, 7, 47933
What are the prime factors of 11382700?
2, 5, 7, 23, 101
List the prime factors of 631902.
2, 3, 19, 23, 241
List the prime factors of 7078076.
2, 41, 43159
What are the prime factors of 164492?
2, 17, 41, 59
List the prime factors of 1012729.
73, 13873
List the prime factors of 372390.
2, 3, 5, 12413
What are the prime factors of 5637259?
709, 7951
List the prime factors of 1523864.
2, 239, 797
What are the prime factors of 414688?
2, 12959
List the prime factors of 13948024.
2, 17, 102559
What are the prime factors of 41670?
2, 3, 5, 463
List the prime factors of 1320432.
2, 3, 27509
What are the prime factors of 1482640?
2, 5, 43, 431
What are the prime factors of 245006?
2, 122503
What are the prime factors of 4734890?
2, 5, 37, 67, 191
List the prime factors of 1701507.
3, 19, 29851
What are the prime factors of 173395?
5, 34679
List the prime factors of 237451.
101, 2351
List the prime factors of 353908.
2, 103, 859
What are the prime factors of 2803864?
2, 7, 50069
List the prime factors of 18377462.
2, 9188731
What are the prime factors of 1171277?
43, 27239
What are the prime factors of 1512824?
2, 127, 1489
What are the prime factors of 1224346?
2, 612173
List the prime factors of 1170205.
5, 283, 827
What are the prime factors of 3623456?
2, 113233
List the prime factors of 1377933.
3, 421, 1091
What are the prime factors of 1059092?
2, 149, 1777
List the prime factors of 881880.
2, 3, 5, 7349
List the prime factors of 10105852.
2, 2526463
What are the prime factors of 69167?
7, 41, 241
List the prime factors of 509086.
2, 19, 13397
What are the prime factors of 370524?
2, 3, 7, 11, 401
List the prime factors of 156623.
156623
List the prime factors of 64374.
2, 3, 10729
What are the prime factors of 66245?
5, 13249
List the prime factors of 19843149.
3, 659, 10037
List the prime factors of 14180196.
2, 3, 43, 27481
List the prime factors of 181139.
7, 113, 229
List the prime factors of 1417768.
2, 11, 16111
What are the prime factors of 23801505?
3, 5, 7, 13, 47, 53
List the prime factors of 232616.
2, 29077
List the prime factors of 16410141.
3, 11, 5023
List the prime factors of 181953.
3, 23, 293
List the prime factors of 1919246.
2, 7, 137089
What are the prime factors of 290070?
2, 3, 5, 11, 293
List the prime factors of 2395755.
3, 5, 53239
What are the prime factors of 491872?
2, 19, 809
List the prime factors of 2681016.
2, 3, 13, 661
What are the prime factors of 12984504?
2, 3, 13, 41617
List the prime factors of 3520638.
2, 3, 11, 5927
List the prime factors of 5582391.
3, 463, 4019
List the prime factors of 3484962.
2, 3, 13, 53, 281
What are the prime factors of 8867778?
2, 3, 17, 86939
List the prime factors of 334847.
41, 8167
List the prime factors of 5831235.
3, 5, 101, 1283
What are the prime factors of 153061?
269, 569
List the prime factors of 903045.
3, 5, 11, 13, 421
List the prime factors of 460136.
2, 113, 509
List the prime factors of 560067.
3, 186689
List the prime factors of 188995.
5, 37799
List the prime factors of 8889877.
8889877
What are the prime factors of 816560?
2, 5, 59, 173
List the prime factors of 735458.
2, 41, 8969
List the prime factors of 1655097.
3, 137, 4027
What are the prime factors of 8048442?
2, 3, 67, 20021
What are the prime factors of 144739?
7, 23, 29, 31
List the prime factors of 41281243.
19, 31, 109, 643
What are the prime factors of 16294033?
7, 43, 54133
List the prime factors of 580497.
3, 23, 47, 179
List the prime factors of 752273.
752273
List the prime factors of 1613345.
5, 322669
What are the prime factors of 4767892?
2, 1191973
What are the prime factors of 311679?
3, 34631
What are the prime factors of 112377?
3, 47, 797
List the prime factors of 5582.
2, 2791
List the prime factors of 802211.
61, 13151
What are the prime factors of 35829?
3, 1327
What are the prime factors of 201781?
201781
What are the prime factors of 215811?
3, 7993
List the prime factors of 18297954.
2, 3, 338851
List the prime factors of 296921.
296921
What are the prime factors of 4036633?
17, 367, 647
What are the prime factors of 284840?
2, 5, 7121
List the prime factors of 5441572.
2, 139, 9787
What are the prime factors of 356775?
3, 5, 67, 71
What are the prime factors of 3003387?
3, 19, 52691
What are the prime factors of 130298?
2, 7, 41, 227
List the prime factors of 8287217.
311, 26647
List the prime factors of 321469.
321469
List the prime factors of 68888.
2, 79, 109
What are the prime factors of 1536883?
23, 66821
What are the prime factors of 183777?
3, 11, 5569
What are the prime factors of 4152978?
2, 3, 76907
What are the prime factors of 18940218?
2, 3, 11, 286973
What are the prime factors of 364248?
2, 3, 5059
List the prime factors of 8978346.
2, 3, 13, 17, 37, 61
List the prime factors of 1845687.
3, 615229
What are the prime factors of 41533939?
4951, 8389
List the prime factors of 3216229.
71, 97, 467
List the prime factors of 300782.
2, 59, 2549
List the prime factors of 22523097.
3, 181, 41479
List the prime factors of 120853.
17, 7109
What are the prime factors of 188272?
2, 7, 41
List the prime factors of 18056572.
2, 1439, 3137
List the prime factors of 246506.
2, 13, 19, 499
What are the prime factors of 15274?
2, 7, 1091
List the prime factors of 2512225.
5, 317
List the prime factors of 2257001.
2257001
List the prime factors of 1072958.
2, 536479
List the prime factors of 995204.
2, 7, 35543
List the prime factors of 1395091.
109, 12799
List the prime factors of 146399.
11, 13309
List the prime factors of 36964.
2, 9241
What are the prime factors of 1331796?
2, 3, 29, 43, 89
What are the prime factors of 12388619?
823, 15053
List the prime factors of 380267.
380267
List the prime factors of 1173411.
3, 130379
What are the prime factors of 789193?
67, 11779
List the prime factors of 216674.
2, 131, 827
What are the prime factors of 5080481?
7, 29, 863
What are the prime factors of 195715?
5, 13, 3011
What are the prime factors of 5573053?
5573053
List the prime factors of 1025960.
2, 5, 13, 1973
What are the prime factors of 149544?
2, 3, 31, 67
List the prime factors of 1135803.
3, 378601
What are the prime factors of 160018?
2, 19, 4211
What are the prime factors of 15649844?
2, 7, 19, 23, 1279
What are the prime factors of 167061?
3, 233, 239
What are the prime factors of 322519?
322519
List the prime factors of 441919.
457, 967
List the prime factors of 3375787.
19, 127, 1399
List the prime factors of 779324.
2, 7, 13, 2141
List the prime factors of 225844.
2, 131, 431
List the prime factors of 9217685.
5, 1843537
What are the prime factors of 2497919?
661, 3779
List the prime factors of 1374863.
7, 197, 997
What are the prime factors of 317583?
3, 7, 71
List the prime fact